{"id":959,"date":"2017-06-01T10:39:55","date_gmt":"2017-06-01T08:39:55","guid":{"rendered":"http:\/\/www.mauestiftung.de\/?page_id=959"},"modified":"2020-02-18T14:21:23","modified_gmt":"2020-02-18T13:21:23","slug":"evangelische-schuelerarbeit-bk-berlin","status":"publish","type":"page","link":"https:\/\/mauestiftung.de\/?page_id=959","title":{"rendered":"Evangelische Sch\u00fclerarbeit (BK) Berlin"},"content":{"rendered":"<p>Die Weidenkirche ist ein organisch wachsendes Geb\u00e4ude. Die Basis bildet ein Fundament, aus dem eine elegante Stahltr\u00e4gerkonstruktion als Rankhilfe emporragt.<br \/>\nNach Errichtung wachsen die Weidenruten \u00fcber die Folgejahre entlang der Ger\u00fcsthilfe. Die Weidenkirche selbst ist ein offener Bau.<\/p>\n<p>Mit dem Bau der Weidenkirche m\u00f6chte die Sch\u00fclerarbeit einen Ort der Begegnung und Spiritualit\u00e4t schaffen. Eine wachsende, gr\u00fcne und lebendige Kirche, die im Rhythmus der Jahreszeiten lebt und sich ver\u00e4ndert.<\/p>\n<p>Die Weidenkirche bietet ihren Besuchern einen Ort der Begegnung, an dem diese sich mit der Sch\u00f6pfung und der Natur als sichtbares Zeichen auseinandersetzen k\u00f6nnen. Ein Ort, der unserer Vorstellungen von Glauben, \u00d6kologie und Bewahrung der Sch\u00f6pfung entspricht. Die Weidenkirche steht in der Natur und wird Teil ihrer gr\u00fcnen Umgebung.<\/p>\n<p><a title=\"Homepage der Weidenkirche Berlin\" href=\"http:\/\/www.weidenkirche-berlin.de\/index.html\" target=\"_blank\" rel=\"noopener noreferrer\">Weitere Informationen.<\/a><\/p>\n<p><a href=\"https:\/\/mauestiftung.de\/wp-content\/uploads\/bk-nachrichten_2016-02_-_ein_kreuz_fuer_die_weidenkirche.pdf\" target=\"_blank\" rel=\"noopener noreferrer\">Der Bericht aus den bk-nachrichten, Advent 2016, Jahrgang 59, Nr. 2<\/a><\/p>\n","protected":false},"excerpt":{"rendered":"<p>Die Weidenkirche ist ein organisch wachsendes Geb\u00e4ude. Die Basis bildet ein Fundament, aus dem eine elegante Stahltr\u00e4gerkonstruktion als Rankhilfe emporragt. Nach Errichtung wachsen die Weidenruten \u00fcber die Folgejahre entlang der Ger\u00fcsthilfe. Die Weidenkirche selbst ist ein offener Bau. Mit dem Bau der Weidenkirche m\u00f6chte die Sch\u00fclerarbeit einen Ort der Begegnung und Spiritualit\u00e4t schaffen. Eine wachsende, &hellip; <\/p>\n<p><a class=\"more-link btn\" href=\"https:\/\/mauestiftung.de\/?page_id=959\">Weiterlesen<\/a><\/p>\n","protected":false},"author":1,"featured_media":0,"parent":83,"menu_order":4,"comment_status":"closed","ping_status":"closed","template":"","meta":{"footnotes":""},"class_list":["post-959","page","type-page","status-publish","hentry","nodate","item-wrap"],"_links":{"self":[{"href":"https:\/\/mauestiftung.de\/index.php?rest_route=\/wp\/v2\/pages\/959","targetHints":{"allow":["GET"]}}],"collection":[{"href":"https:\/\/mauestiftung.de\/index.php?rest_route=\/wp\/v2\/pages"}],"about":[{"href":"https:\/\/mauestiftung.de\/index.php?rest_route=\/wp\/v2\/types\/page"}],"author":[{"embeddable":true,"href":"https:\/\/mauestiftung.de\/index.php?rest_route=\/wp\/v2\/users\/1"}],"replies":[{"embeddable":true,"href":"https:\/\/mauestiftung.de\/index.php?rest_route=%2Fwp%2Fv2%2Fcomments&post=959"}],"version-history":[{"count":0,"href":"https:\/\/mauestiftung.de\/index.php?rest_route=\/wp\/v2\/pages\/959\/revisions"}],"up":[{"embeddable":true,"href":"https:\/\/mauestiftung.de\/index.php?rest_route=\/wp\/v2\/pages\/83"}],"wp:attachment":[{"href":"https:\/\/mauestiftung.de\/index.php?rest_route=%2Fwp%2Fv2%2Fmedia&parent=959"}],"curies":[{"name":"wp","href":"https:\/\/api.w.org\/{rel}","templated":true}]}}