{"id":75,"date":"2014-06-18T15:35:34","date_gmt":"2014-06-18T13:35:34","guid":{"rendered":"http:\/\/www.mauestiftung.de\/?page_id=75"},"modified":"2025-02-05T11:54:53","modified_gmt":"2025-02-05T10:54:53","slug":"stiftungsrat","status":"publish","type":"page","link":"https:\/\/mauestiftung.de\/?page_id=75","title":{"rendered":"Stiftungsrat"},"content":{"rendered":"<p>Der Stiftungsrat setzt sich aus mindestens 3 und h\u00f6chstens 7 Mitglieder zusammen. Dabei benennen die Stifter, welche die Stiftung gegr\u00fcndet haben, bis zu 5 weitere Ratsmitglieder. Von allen Personen muss mindestens eine ein \u00fcberzeugter und aktiver Anh\u00e4nger des Christentums sein, mindestens eine sich in Waldwirtschaft, Landschaftsplanung oder Naturschutz auskennen und mindestens eine ein Mitglied des Vorstands der B\u00fcrgerstiftung Braunschweig sein.<\/p>\n<p>Die Amtszeit jedes Mitglieds betr\u00e4gt 4 Jahre. Eine Wiederberufung ist jedoch m\u00f6glich. Ein Mitglied bekleidet jedoch so lange ein Amt, bis ein Nachfolger bestimmt wurde. Dieses gilt jedoch nicht bei Ausschluss oder Abberufung eines Mitglieds.<\/p>\n<p>Die Stifter k\u00f6nnen f\u00fcr sich einen Nachfolger benennen. Alle Privilegien des ausrufenden Mitglieds werden dann auf das ausberufene Mitglied \u00fcbertragen. Scheidet ein Mitglied durch Ausschluss aus, k\u00f6nnen die \u00fcbriggebliebenen Mitglieder den Ersatz bestimmen.<\/p>\n<p>Jedes Mitglied kann jederzeit k\u00fcndigen. Der Stiftungsrat kann mit einfacher Mehrheit ein Mitglied abberufen, sofern es im Interesse der Stiftung liegt.<\/p>\n<p>Der Stiftungsrat kann f\u00fcr seine Unterst\u00fctzung Gremien errichten, \u00fcber welche eine Gesch\u00e4ftsordnung existiert.<\/p>\n<p>Alle Mitglieder arbeiten ohne finanzielle Interessen. Die Arbeit findet ausschlie\u00dflich ehrenamtlich statt. Bei Wohnsitz au\u00dferhalb des Ortes k\u00f6nnen jedoch auch Kosten f\u00fcr die \u00dcberfahrt und die \u00dcbernachtung erstattet werden.<\/p>\n<p>Der Stiftungsrat hat folgende Aufgaben:<\/p>\n<p>&#8211; Projekte ausw\u00e4hlen und gestalten<\/p>\n<p>&#8211; Die Mittel der Stiftung beschlie\u00dfen.<\/p>\n<p>Seit dem 31. Januar 2025 sind die Mitglieder<\/p>\n<p>Gerald Maue (Stifter)<br \/>\nVivian Klimainsky<br \/>\nHans-Peter Meisel (B\u00fcrgerstiftung Braunschweig)<br \/>\nKlausdieter Pahlke<\/p>\n<p>Zwischenzeitlich setzte sich der Stiftungsrat aus vier Mitgliedern zusammen:<\/p>\n<p>Gerald Maue (Stifter)<br \/>\nJ\u00fcrgen Maue (Stifter)<br \/>\nHans-Herbert Jagla (B\u00fcrgerstiftung Braunschweig)<br \/>\nKlausdieter Pahlke<\/p>\n<p>Der Stiftungsrat bestand vom 8. Juni 2018 bis 31. Dezember 2020 aus den folgenden Personen:<\/p>\n<p>Gerald Maue (Stifter)<br \/>\nJ\u00fcrgen Maue (Stifter)<br \/>\nHans-Herbert Jagla (Vorstandsvorsitzender B\u00fcrgerstiftung Braunschweig)<br \/>\nKlausdieter Pahlke<br \/>\nJ\u00fcrgen Schleicher (Evangelische Bank und Schatzmeister Evangelischer Gnadauer Gemeinschaftsverband)<br \/>\nFrank Spatz (Generalsekret\u00e4r Evangelischer Gnadauer Gemeinschaftsverband)<\/p>\n<p><img loading=\"lazy\" decoding=\"async\" class=\"\" src=\"https:\/\/mauestiftung.de\/wp-content\/uploads\/stiftungsrat_ab_2016.jpg\" alt=\"\" width=\"461\" height=\"346\" \/><\/p>\n<p>Stiftungsrat von 2016 bis 2018, v.l.: J\u00fcrgern Schleicher, Gerald Maue, J\u00fcrgen Maue, Klaus-Dieter Pahlke,<br \/>\nFrank Spatz, Ulrich E. Deissner<\/p>\n<p><img loading=\"lazy\" decoding=\"async\" class=\"\" src=\"https:\/\/mauestiftung.de\/wp-content\/uploads\/gerald_juergen_maue_anja_groth.jpg\" alt=\"\" width=\"461\" height=\"326\" \/><\/p>\n<p>Anja Groth hat 2016 aus pers\u00f6nlichen Gr\u00fcnden des Stiftunfsrat verlassen &#8211; Dank<br \/>\nzum Abschied von Anja Groth (v.l. Gerald Maue, J\u00fcrgen Maue, Anja Groth)<\/p>\n<h3>Der Stiftungsrat von 2013-2016<\/h3>\n<p>Gerald Maue<br \/>\nJ\u00fcrgen Maue<br \/>\nAnja Groth<br \/>\nUlrich E. Deissner<\/p>\n<table>\n<tbody>\n<tr>\n<td style=\"background-color: #ffffff; border-color: #ffffff;\"><img loading=\"lazy\" decoding=\"async\" class=\"\" src=\"https:\/\/mauestiftung.de\/wp-content\/uploads\/stiftungsurkunde.jpg\" width=\"288\" height=\"216\" \/><\/td>\n<td style=\"background-color: #ffffff; border-color: #ffffff;\"><img loading=\"lazy\" decoding=\"async\" class=\"\" src=\"https:\/\/mauestiftung.de\/wp-content\/uploads\/stiftungsrat.jpg\" alt=\"\" width=\"283\" height=\"212\" \/><\/td>\n<\/tr>\n<tr>\n<td style=\"background-color: #ffffff; border-color: #ffffff;\">V.l.: J\u00fcrgern Maue, Gerald Maue, Ulrich E. Deissner<\/td>\n<td style=\"background-color: #ffffff; border-color: #ffffff;\">V.l.: J\u00fcrgern Maue, Gerald Maue, Anja Groth<\/td>\n<\/tr>\n<\/tbody>\n<\/table>\n","protected":false},"excerpt":{"rendered":"<p>Der Stiftungsrat setzt sich aus mindestens 3 und h\u00f6chstens 7 Mitglieder zusammen. Dabei benennen die Stifter, welche die Stiftung gegr\u00fcndet haben, bis zu 5 weitere Ratsmitglieder. Von allen Personen muss mindestens eine ein \u00fcberzeugter und aktiver Anh\u00e4nger des Christentums sein, mindestens eine sich in Waldwirtschaft, Landschaftsplanung oder Naturschutz auskennen und mindestens eine ein Mitglied des &hellip; <\/p>\n<p><a class=\"more-link btn\" href=\"https:\/\/mauestiftung.de\/?page_id=75\">Weiterlesen<\/a><\/p>\n","protected":false},"author":1,"featured_media":0,"parent":54,"menu_order":3,"comment_status":"open","ping_status":"open","template":"","meta":{"footnotes":""},"class_list":["post-75","page","type-page","status-publish","hentry","nodate","item-wrap"],"_links":{"self":[{"href":"https:\/\/mauestiftung.de\/index.php?rest_route=\/wp\/v2\/pages\/75","targetHints":{"allow":["GET"]}}],"collection":[{"href":"https:\/\/mauestiftung.de\/index.php?rest_route=\/wp\/v2\/pages"}],"about":[{"href":"https:\/\/mauestiftung.de\/index.php?rest_route=\/wp\/v2\/types\/page"}],"author":[{"embeddable":true,"href":"https:\/\/mauestiftung.de\/index.php?rest_route=\/wp\/v2\/users\/1"}],"replies":[{"embeddable":true,"href":"https:\/\/mauestiftung.de\/index.php?rest_route=%2Fwp%2Fv2%2Fcomments&post=75"}],"version-history":[{"count":1,"href":"https:\/\/mauestiftung.de\/index.php?rest_route=\/wp\/v2\/pages\/75\/revisions"}],"predecessor-version":[{"id":1477,"href":"https:\/\/mauestiftung.de\/index.php?rest_route=\/wp\/v2\/pages\/75\/revisions\/1477"}],"up":[{"embeddable":true,"href":"https:\/\/mauestiftung.de\/index.php?rest_route=\/wp\/v2\/pages\/54"}],"wp:attachment":[{"href":"https:\/\/mauestiftung.de\/index.php?rest_route=%2Fwp%2Fv2%2Fmedia&parent=75"}],"curies":[{"name":"wp","href":"https:\/\/api.w.org\/{rel}","templated":true}]}}