{"id":163,"date":"2014-06-19T14:23:28","date_gmt":"2014-06-19T12:23:28","guid":{"rendered":"http:\/\/www.mauestiftung.de\/?page_id=163"},"modified":"2018-08-10T11:18:36","modified_gmt":"2018-08-10T09:18:36","slug":"projekte-unserer-partner","status":"publish","type":"page","link":"https:\/\/mauestiftung.de\/?page_id=163","title":{"rendered":"Projekte unserer Partner"},"content":{"rendered":"<h3>Waldp\u00e4dagogik &#8211; F\u00f6rderprojekte<\/h3>\n<p><img loading=\"lazy\" decoding=\"async\" src=\"https:\/\/mauestiftung.de\/wp-content\/uploads\/stiftungsbrief_2013-3.jpg\" alt=\"\" width=\"524\" height=\"470\" \/><\/p>\n<p>Quelle: Stiftungsbrief der B\u00fcrgerstiftung Braunschweig Ausgabe 3\/2013<\/p>\n<p><img loading=\"lazy\" decoding=\"async\" src=\"https:\/\/mauestiftung.de\/wp-content\/uploads\/prowald_2013-05_18-1.jpg\" alt=\"\" width=\"503\" height=\"791\" \/><\/p>\n<p>Quelle: proWALD Ausgabe Mai 2013<\/p>\n<h3>Wald\u00f6kologie und Nachhaltigkeit<\/h3>\n<p><img loading=\"lazy\" decoding=\"async\" src=\"https:\/\/mauestiftung.de\/wp-content\/uploads\/prowald_2013-05_18-2.jpg\" alt=\"\" width=\"484\" height=\"869\" \/><\/p>\n<p>Quelle: proWALD Ausgabe Mai 2013<\/p>\n<p><img loading=\"lazy\" decoding=\"async\" src=\"https:\/\/mauestiftung.de\/wp-content\/uploads\/prowald_2013-05_16.jpg\" alt=\"\" width=\"758\" height=\"921\" \/><\/p>\n<p>Quelle: proWALD Ausgabe Mai 2013<\/p>\n<h3>B\u00fccher und Fachvortr\u00e4ge zur Wald\u00f6kologie und \u00d6konomie<\/h3>\n<p><img loading=\"lazy\" decoding=\"async\" src=\"https:\/\/mauestiftung.de\/wp-content\/uploads\/prowald_2013-05_33.jpg\" alt=\"\" width=\"992\" height=\"589\" \/><\/p>\n<p>Quelle: proWALD Ausgabe Mai 2013<\/p>\n<p><img loading=\"lazy\" decoding=\"async\" src=\"https:\/\/mauestiftung.de\/wp-content\/uploads\/prowald_2013-05_39.jpg\" alt=\"\" width=\"1004\" height=\"555\" \/><\/p>\n<p>Quelle: proWALD Ausgabe Mai 2013<\/p>\n","protected":false},"excerpt":{"rendered":"<p>Waldp\u00e4dagogik &#8211; F\u00f6rderprojekte Quelle: Stiftungsbrief der B\u00fcrgerstiftung Braunschweig Ausgabe 3\/2013 Quelle: proWALD Ausgabe Mai 2013 Wald\u00f6kologie und Nachhaltigkeit Quelle: proWALD Ausgabe Mai 2013 Quelle: proWALD Ausgabe Mai 2013 B\u00fccher und Fachvortr\u00e4ge zur Wald\u00f6kologie und \u00d6konomie Quelle: proWALD Ausgabe Mai 2013 Quelle: proWALD Ausgabe Mai 2013<\/p>\n","protected":false},"author":1,"featured_media":0,"parent":947,"menu_order":6,"comment_status":"open","ping_status":"open","template":"","meta":{"footnotes":""},"class_list":["post-163","page","type-page","status-publish","hentry","nodate","item-wrap"],"_links":{"self":[{"href":"https:\/\/mauestiftung.de\/index.php?rest_route=\/wp\/v2\/pages\/163","targetHints":{"allow":["GET"]}}],"collection":[{"href":"https:\/\/mauestiftung.de\/index.php?rest_route=\/wp\/v2\/pages"}],"about":[{"href":"https:\/\/mauestiftung.de\/index.php?rest_route=\/wp\/v2\/types\/page"}],"author":[{"embeddable":true,"href":"https:\/\/mauestiftung.de\/index.php?rest_route=\/wp\/v2\/users\/1"}],"replies":[{"embeddable":true,"href":"https:\/\/mauestiftung.de\/index.php?rest_route=%2Fwp%2Fv2%2Fcomments&post=163"}],"version-history":[{"count":0,"href":"https:\/\/mauestiftung.de\/index.php?rest_route=\/wp\/v2\/pages\/163\/revisions"}],"up":[{"embeddable":true,"href":"https:\/\/mauestiftung.de\/index.php?rest_route=\/wp\/v2\/pages\/947"}],"wp:attachment":[{"href":"https:\/\/mauestiftung.de\/index.php?rest_route=%2Fwp%2Fv2%2Fmedia&parent=163"}],"curies":[{"name":"wp","href":"https:\/\/api.w.org\/{rel}","templated":true}]}}