{"id":157,"date":"2014-06-19T14:20:54","date_gmt":"2014-06-19T12:20:54","guid":{"rendered":"http:\/\/www.mauestiftung.de\/?page_id=157"},"modified":"2018-08-10T11:15:29","modified_gmt":"2018-08-10T09:15:29","slug":"naturpark-niederlausitzer-heidelandschaft-droessiger-heide","status":"publish","type":"page","link":"https:\/\/mauestiftung.de\/?page_id=157","title":{"rendered":"Naturpark Niederlausitzer Heidelandschaft &#8211; Dr\u00f6\u00dfiger Heide"},"content":{"rendered":"<h3>Karte vom Naturpark Niederlausitzer Heidelandschaft, Wald &#8211; Standort Dr\u00f6\u00dfiger Heide<\/h3>\n<address>Entnommen aus Wikipedia, der freien Enzyklop\u00e4die<\/address>\n<p>Entnommen aus Wikipedia, der freien Enzyklop\u00e4die. Im S\u00fcden, wo Brandenburgs \u00e4ltesteLandschaft zu finden ist, erstreckt sich der <strong>Naturpark Niederlausitzer Heidelandschaft<\/strong> \u00fcber einGebiet von etwa 484 km\u00b2. Geformt von der vor ca. 180.000 Jahren zu Ende gegangenenSaaleeiszeit, sind neben Grundmor\u00e4nen und Endmor\u00e4nenz\u00fcgen auch Urstromtal undSanderfl\u00e4chen heute noch landschaftspr\u00e4gend. Die von der Eiszeit hinterlassenen nat\u00fcrlichenSeen sind inzwischen l\u00e4ngst verlandet, so dass die heute vorhandenen Wasserfl\u00e4chen alle durchMenschenhand entstanden sind. Im S\u00fcden des Naturparks durchflie\u00dft die Schwarze Elster dasNiederlausitzer Urstromtal. Auf sandigen Hochfl\u00e4chen erstrecken sich im Norden gro\u00dfezusammenh\u00e4ngende Waldgebiete. Unter den eiszeitlichen Ablagerungen finden sich m\u00e4chtigeBraunkohlenschichten, die teilweise bis an die Oberfl\u00e4che reichten. Durch das &#8222;Sch\u00fcrfen nachdem Schwarzen Gold&#8220; wurden in den letzten hundert Jahren &#8222;Kulturlandschaften&#8220; von teilweisebizarrem Aussehen geschaffen. An vielen Orten entstanden wertvolle Lebensr\u00e4ume f\u00fcrspezialisierte Tier- und Pflanzenarten. In den Bereichen, wo Tagebaurestgew\u00e4sser saniertwurden, findet der Besucher heute reizvolle Naherholungsgebiete, aber auch Naturparadiese auszweiter Hand. Im gleichen Gebiet ist der NABU mit dem Projekt Gr\u00fcnhaus t\u00e4tig. <a href=\"http:\/\/naturerbe.nabu.de\/projekte\/gruenhaus\/anfahrtsweg-gruenhaus.pdf\" target=\"_blank\" rel=\"noopener noreferrer\">Erfahren Sie mehr zu diesem Projekt<\/a>.<\/p>\n<h3>Naturparkhaus Bad Liebenwerda<\/h3>\n<p><img loading=\"lazy\" decoding=\"async\" src=\"https:\/\/mauestiftung.de\/wp-content\/uploads\/niederlausitzer_heidelandschaft_naturparkhaus_liebenwerda_1.jpg\" alt=\"\" width=\"640\" height=\"480\" \/><\/p>\n<address>Das Naturparkhaus in Bad Liebenwerda, entnommen aus Wikipedia, der freien Enzyklop\u00e4die.<\/address>\n<p>Das Naturparkhaus in Bad Liebenwerda ist das Besucherinformationszentrum des Naturparks.Einst war es ein Wohnhaus, ab dem 19. Jahrhundert dann k\u00f6nigliche Oberf\u00f6rsterei. Heute ist dasHaus f\u00fcr alle offen und repr\u00e4sentiert auf etwa 80 m2 die Sch\u00f6nheiten und Besonderheiten derLandschaft des Naturparks. Beim Sehen, H\u00f6ren und F\u00fchlen geht es in die virtuelle Welt vonHeide, Streuobst oder Bergbaufolgelandschaft. Hier kann man ganz ungef\u00e4hrlich zumGipfelst\u00fcrmer werden, denn das Modell des Rothsteiner Felsens ist auch zum Besteigengedacht. Ein Memory mit acht verschiedenen Apfelsorten l\u00e4dt nicht nur zum Spielen ein, sonderngibt schon mal einen kleinen Einblick in die Vielfalt der Sorten. Zum Verschnaufen kann mandann z.B. Platz auf den Plauderb\u00e4nken nehmen und sich interessante Geschichten aus demNorden oder dem S\u00fcden des Naturparks in den entsprechenden Dialekten erz\u00e4hlen lassen. Soverl\u00e4uft auch heute noch eine Sprachgrenze mitten durch den Naturpark. In dieser Mitte, einemgro\u00dfen Waldkomplex, dem heutigen Naturschutzgebiet &#8222;Forsthaus Pr\u00f6sa&#8220; war einst dasAuerhuhn (Logo des Naturparks) heimisch. Einen Eindruck von diesem imposanten Gro\u00dfvogelerh\u00e4lt man anhand der Pr\u00e4parate von Hahn, Henne und K\u00fcken. Dazu gibt es die Balzrufe desHahns und interessante Informationen zu dieser, vom Aussterben bedrohten Tierart.<\/p>\n<p>Weitere Informationen zum Thema finden Sie auf der informativen Homepage des <a href=\"http:\/\/naturpark-nlh.de\/index.php?id=38&amp;L=lfbruizjtxstn\" target=\"_blank\" rel=\"noopener noreferrer\">Naturparks Niederlausitzer Heidelandschaft<\/a>.<\/p>\n<h3>Bildergalerie Waldst\u00fcck Eichholz \u2013 Dr\u00f6\u00dfig \/ Pechh\u00fctte, Wald &#8211; Standort Dr\u00f6\u00dfiger Heide<\/h3>\n<p>Sechs Bilder aus dem Waldst\u00fcck bei Eichholz \u2013 Dr\u00f6\u00dfig \/ Pechh\u00fctte s\u00fcdwestlich der S\u00e4ngerstadt Finsterwalde am nord\u00f6stlichen Rand des Naturparks Niederlausitzer Heidelandschaft im Land Brandenburg, Landkreis Elbe-Elster, Amt Elsterland, Gemeinde Heideland, Ortsteil Dr\u00f6\u00dfig, Wald &#8211; Standort Dr\u00f6\u00dfiger Heide.<\/p>\n<p><img loading=\"lazy\" decoding=\"async\" src=\"https:\/\/mauestiftung.de\/wp-content\/uploads\/niederlausitzer_heidelandschaft_foto_03.jpg\" alt=\"\" width=\"640\" height=\"480\" \/><\/p>\n<p><img loading=\"lazy\" decoding=\"async\" src=\"https:\/\/mauestiftung.de\/wp-content\/uploads\/niederlausitzer_heidelandschaft_foto_04.jpg\" alt=\"\" width=\"640\" height=\"480\" \/><\/p>\n<p><img loading=\"lazy\" decoding=\"async\" src=\"https:\/\/mauestiftung.de\/wp-content\/uploads\/niederlausitzer_heidelandschaft_foto_05.jpg\" alt=\"\" width=\"640\" height=\"480\" \/><\/p>\n<p><img loading=\"lazy\" decoding=\"async\" src=\"https:\/\/mauestiftung.de\/wp-content\/uploads\/niederlausitzer_heidelandschaft_foto_06.jpg\" alt=\"\" width=\"640\" height=\"480\" \/><\/p>\n<p><img loading=\"lazy\" decoding=\"async\" src=\"https:\/\/mauestiftung.de\/wp-content\/uploads\/niederlausitzer_heidelandschaft_foto_01.jpg\" alt=\"\" width=\"640\" height=\"480\" \/><\/p>\n<p><img loading=\"lazy\" decoding=\"async\" src=\"https:\/\/mauestiftung.de\/wp-content\/uploads\/niederlausitzer_heidelandschaft_foto_02.jpg\" alt=\"\" width=\"640\" height=\"480\" \/><\/p>\n<p>Entnommen aus dem Bilderarchiv des Stifters<\/p>\n","protected":false},"excerpt":{"rendered":"<p>Karte vom Naturpark Niederlausitzer Heidelandschaft, Wald &#8211; Standort Dr\u00f6\u00dfiger Heide Entnommen aus Wikipedia, der freien Enzyklop\u00e4die Entnommen aus Wikipedia, der freien Enzyklop\u00e4die. Im S\u00fcden, wo Brandenburgs \u00e4ltesteLandschaft zu finden ist, erstreckt sich der Naturpark Niederlausitzer Heidelandschaft \u00fcber einGebiet von etwa 484 km\u00b2. Geformt von der vor ca. 180.000 Jahren zu Ende gegangenenSaaleeiszeit, sind neben Grundmor\u00e4nen &hellip; <\/p>\n<p><a class=\"more-link btn\" href=\"https:\/\/mauestiftung.de\/?page_id=157\">Weiterlesen<\/a><\/p>\n","protected":false},"author":1,"featured_media":0,"parent":947,"menu_order":3,"comment_status":"open","ping_status":"open","template":"","meta":{"footnotes":""},"class_list":["post-157","page","type-page","status-publish","hentry","nodate","item-wrap"],"_links":{"self":[{"href":"https:\/\/mauestiftung.de\/index.php?rest_route=\/wp\/v2\/pages\/157","targetHints":{"allow":["GET"]}}],"collection":[{"href":"https:\/\/mauestiftung.de\/index.php?rest_route=\/wp\/v2\/pages"}],"about":[{"href":"https:\/\/mauestiftung.de\/index.php?rest_route=\/wp\/v2\/types\/page"}],"author":[{"embeddable":true,"href":"https:\/\/mauestiftung.de\/index.php?rest_route=\/wp\/v2\/users\/1"}],"replies":[{"embeddable":true,"href":"https:\/\/mauestiftung.de\/index.php?rest_route=%2Fwp%2Fv2%2Fcomments&post=157"}],"version-history":[{"count":0,"href":"https:\/\/mauestiftung.de\/index.php?rest_route=\/wp\/v2\/pages\/157\/revisions"}],"up":[{"embeddable":true,"href":"https:\/\/mauestiftung.de\/index.php?rest_route=\/wp\/v2\/pages\/947"}],"wp:attachment":[{"href":"https:\/\/mauestiftung.de\/index.php?rest_route=%2Fwp%2Fv2%2Fmedia&parent=157"}],"curies":[{"name":"wp","href":"https:\/\/api.w.org\/{rel}","templated":true}]}}