{"id":110,"date":"2014-06-19T09:15:47","date_gmt":"2014-06-19T07:15:47","guid":{"rendered":"http:\/\/www.mauestiftung.de\/?page_id=110"},"modified":"2018-08-13T15:34:02","modified_gmt":"2018-08-13T13:34:02","slug":"was-wollen-wir-mit-unserer-stiftung-erreichen","status":"publish","type":"page","link":"https:\/\/mauestiftung.de\/","title":{"rendered":"Was wollen wir mit unserer Stiftung erreichen?"},"content":{"rendered":"<p>Die Gerald und J\u00fcrgen Maue-Stiftung will ein Zeichen setzen und gemeinsam mit den Menschen der Regionen unseres Landes, in denen sie t\u00e4tig wird, Mitverantwortung f\u00fcr die Gestaltung und F\u00f6rderung des Gemeinwesens und die nachhaltige Bewahrung der Sch\u00f6pfung, insbesondere der naturnahen W\u00e4lder, zu \u00fcbernehmen.<br \/>\nMit den Ertr\u00e4gen aus dem Stiftungsverm\u00f6gen, sowie den laufenden Spenden Gleichgesinnter, werden regionale Projekte in der Umgebung gef\u00f6rdert.<br \/>\nGleichzeitig will die Stiftung die Menschen dazu motivieren, sich ehrenamtlich in den Stiftungen und den von ihr unterst\u00fctzten Projekten zu engagieren.<br \/>\nDabei ist das direkte Lebensumfeld der Stifter, wie die Regionen Braunschweig\/Niedersachsen, Berlin\/Brandenburg sowie weitere ausgew\u00e4hlte Regionen in Sachsen und Sachsen-Anhalt, ausschlaggebend f\u00fcr die F\u00f6rderungen.<\/p>\n<p><a href=\"https:\/\/www.buergerstiftungbraunschweig.de\/so-koennen-sie-mitmachen\/\" target=\"_blank\" rel=\"noopener\">Spenden Sie jetzt.<\/a><\/p>\n<p style=\"text-align: right;\"><a href=\"http:\/\/www.buergerstiftungbraunschweig.de\/\" target=\"_blank\" rel=\"noopener\"><img loading=\"lazy\" decoding=\"async\" class=\"alignnone\" src=\"https:\/\/mauestiftung.de\/wp-content\/uploads\/logo_buergerstiftung_braunschweig.png\" alt=\"\" width=\"162\" height=\"54\" \/><\/a><\/p>\n<p style=\"text-align: right;\"><a href=\"http:\/\/www.gnadauer.de\/\" target=\"_blank\" rel=\"noopener\"><img loading=\"lazy\" decoding=\"async\" class=\"\" src=\"https:\/\/mauestiftung.de\/wp-content\/uploads\/logo_gnadauer_verband.jpg\" alt=\"\" width=\"164\" height=\"37\" \/><\/a><\/p>\n","protected":false},"excerpt":{"rendered":"<p>Die Gerald und J\u00fcrgen Maue-Stiftung will ein Zeichen setzen und gemeinsam mit den Menschen der Regionen unseres Landes, in denen sie t\u00e4tig wird, Mitverantwortung f\u00fcr die Gestaltung und F\u00f6rderung des Gemeinwesens und die nachhaltige Bewahrung der Sch\u00f6pfung, insbesondere der naturnahen W\u00e4lder, zu \u00fcbernehmen. Mit den Ertr\u00e4gen aus dem Stiftungsverm\u00f6gen, sowie den laufenden Spenden Gleichgesinnter, werden &hellip; <\/p>\n<p><a class=\"more-link btn\" href=\"https:\/\/mauestiftung.de\/\">Weiterlesen<\/a><\/p>\n","protected":false},"author":1,"featured_media":0,"parent":0,"menu_order":0,"comment_status":"open","ping_status":"open","template":"","meta":{"footnotes":""},"class_list":["post-110","page","type-page","status-publish","hentry","nodate","item-wrap"],"_links":{"self":[{"href":"https:\/\/mauestiftung.de\/index.php?rest_route=\/wp\/v2\/pages\/110","targetHints":{"allow":["GET"]}}],"collection":[{"href":"https:\/\/mauestiftung.de\/index.php?rest_route=\/wp\/v2\/pages"}],"about":[{"href":"https:\/\/mauestiftung.de\/index.php?rest_route=\/wp\/v2\/types\/page"}],"author":[{"embeddable":true,"href":"https:\/\/mauestiftung.de\/index.php?rest_route=\/wp\/v2\/users\/1"}],"replies":[{"embeddable":true,"href":"https:\/\/mauestiftung.de\/index.php?rest_route=%2Fwp%2Fv2%2Fcomments&post=110"}],"version-history":[{"count":1,"href":"https:\/\/mauestiftung.de\/index.php?rest_route=\/wp\/v2\/pages\/110\/revisions"}],"predecessor-version":[{"id":1474,"href":"https:\/\/mauestiftung.de\/index.php?rest_route=\/wp\/v2\/pages\/110\/revisions\/1474"}],"wp:attachment":[{"href":"https:\/\/mauestiftung.de\/index.php?rest_route=%2Fwp%2Fv2%2Fmedia&parent=110"}],"curies":[{"name":"wp","href":"https:\/\/api.w.org\/{rel}","templated":true}]}}