{"id":1087,"date":"2018-08-09T12:52:34","date_gmt":"2018-08-09T10:52:34","guid":{"rendered":"https:\/\/mauestiftung.de\/?page_id=1087"},"modified":"2020-02-18T14:23:46","modified_gmt":"2020-02-18T13:23:46","slug":"schaukelpferd-im-hof-der-landeskirchlichen-gemeinschaft","status":"publish","type":"page","link":"https:\/\/mauestiftung.de\/?page_id=1087","title":{"rendered":"Hof der Landeskirchlichen Gemeinschaft, Schaukelpferd"},"content":{"rendered":"<h3>Projekt-Bereich Kinder- und Jugendf\u00f6rderung im Jahr 2018<br \/>\nLandeskirchliche Gemeinschaft Braunschweig Karlstra\u00dfe 95<br \/>\nMaue-Stiftung f\u00f6rdert Erwerb eines neuen Wippe-Federtiers<\/h3>\n<p>Auf dem Hof der Landeskirchlichen Gemeinschaft (LKG) in Braunschweig gab es lange Zeit ein Holz-Schaukelpferd. Es wurde von den j\u00fcngsten Besuchern der Gemeinde sehr rege genutzt. Irgendwann war leider der Holz-Schweif abgebrochen. Als das Schaukel-Pferd dann zus\u00e4tzlich auch noch kopflos wurde und es somit keine Gelegenheit mehr zum Festhalten gab, war es Zeit f\u00fcr die Beschaffung eines neuen Wippe-Federtiers. Die Maue-Stiftung hat auf Antrag der LKG einen Zuschuss zum Neuerwerb gef\u00f6rdert, im Bereich F\u00f6rderung der Kinder- und Jugendarbeit. Das neue Kinder-Spielger\u00e4t sollte robuster und best\u00e4ndiger als das alte Holz-Schaukelpferd sein. So wurde es dieses Mal kein Holz-Schaukelpferd, sondern eines aus witterungsbest\u00e4ndigen Verbundstoff. Eine Schwierigkeit, die sich herausstellte, war die Befestigung. Der neue Federfu\u00df musste an die vorhandene Verankerung angepasst werden. Das Gemeindemitglied Uwe G\u00fcnther hat sich an die Arbeit gemacht und die Anpassung und Montage vor Ort in der Karlstra\u00dfe handwerklich durchgef\u00fchrt. Herzlichen Dank auch noch an dieser Stelle! Und so kann wieder kr\u00e4ftig gewippt werden.<\/p>\n<p>(Redaktion: Bereich Presse- und \u00d6ffentlichkeitsarbeit der Maue-Stiftung).<\/p>\n<p><img loading=\"lazy\" decoding=\"async\" src=\"https:\/\/mauestiftung.de\/wp-content\/uploads\/schaukelpferd_3.jpg\" alt=\"\" width=\"750\" height=\"576\" \/><\/p>\n<p>Nicht alters-gerechter wippender Stifter-Einsatz auf dem von der Maue-Stiftung gef\u00f6rdertem neu<br \/>\nmontierten Stiftungs-Federtier auf dem Hof der LKG Braunschweig Karlstra\u00dfe 95 (Bild-Archiv: Stiftung)<\/p>\n<p><img loading=\"lazy\" decoding=\"async\" src=\"https:\/\/mauestiftung.de\/wp-content\/uploads\/schaukelpferd_2.jpg\" alt=\"\" width=\"750\" height=\"563\" \/><\/p>\n<p>Noch einsames neu montiertes Stiftungs-Federtier ohne wippende alters-gerechte Benutzer aus dem<br \/>\nangrenzenden Gemeinde-Saal auf dem Hof der LKG Braunschweig Karlstra\u00dfe 95 (Bild-Archiv: Stiftung)<\/p>\n<p><img loading=\"lazy\" decoding=\"async\" class=\"\" src=\"https:\/\/mauestiftung.de\/wp-content\/uploads\/schaukelpferd_1.jpg\" alt=\"\" width=\"548\" height=\"731\" \/><\/p>\n<p>Neu montiertes Stiftungs-Federtier in freudigem Aktion mit nun alters-gerechter<br \/>\nBenutzerin auf dem Hof der LKG Braunschweig Karlstra\u00dfe 95 (Bild-Archiv: Stiftung)<\/p>\n<p><a href=\"https:\/\/mauestiftung.de\/wp-content\/uploads\/bericht_wippetier_2018.pdf\" target=\"_blank\" rel=\"noopener noreferrer\">Hier noch eine PDF zum Schaukelpferd.<\/a><\/p>\n","protected":false},"excerpt":{"rendered":"<p>Projekt-Bereich Kinder- und Jugendf\u00f6rderung im Jahr 2018 Landeskirchliche Gemeinschaft Braunschweig Karlstra\u00dfe 95 Maue-Stiftung f\u00f6rdert Erwerb eines neuen Wippe-Federtiers Auf dem Hof der Landeskirchlichen Gemeinschaft (LKG) in Braunschweig gab es lange Zeit ein Holz-Schaukelpferd. Es wurde von den j\u00fcngsten Besuchern der Gemeinde sehr rege genutzt. Irgendwann war leider der Holz-Schweif abgebrochen. Als das Schaukel-Pferd dann zus\u00e4tzlich &hellip; <\/p>\n<p><a class=\"more-link btn\" href=\"https:\/\/mauestiftung.de\/?page_id=1087\">Weiterlesen<\/a><\/p>\n","protected":false},"author":1,"featured_media":0,"parent":83,"menu_order":9,"comment_status":"closed","ping_status":"closed","template":"","meta":{"footnotes":""},"class_list":["post-1087","page","type-page","status-publish","hentry","nodate","item-wrap"],"_links":{"self":[{"href":"https:\/\/mauestiftung.de\/index.php?rest_route=\/wp\/v2\/pages\/1087","targetHints":{"allow":["GET"]}}],"collection":[{"href":"https:\/\/mauestiftung.de\/index.php?rest_route=\/wp\/v2\/pages"}],"about":[{"href":"https:\/\/mauestiftung.de\/index.php?rest_route=\/wp\/v2\/types\/page"}],"author":[{"embeddable":true,"href":"https:\/\/mauestiftung.de\/index.php?rest_route=\/wp\/v2\/users\/1"}],"replies":[{"embeddable":true,"href":"https:\/\/mauestiftung.de\/index.php?rest_route=%2Fwp%2Fv2%2Fcomments&post=1087"}],"version-history":[{"count":0,"href":"https:\/\/mauestiftung.de\/index.php?rest_route=\/wp\/v2\/pages\/1087\/revisions"}],"up":[{"embeddable":true,"href":"https:\/\/mauestiftung.de\/index.php?rest_route=\/wp\/v2\/pages\/83"}],"wp:attachment":[{"href":"https:\/\/mauestiftung.de\/index.php?rest_route=%2Fwp%2Fv2%2Fmedia&parent=1087"}],"curies":[{"name":"wp","href":"https:\/\/api.w.org\/{rel}","templated":true}]}}